{"id":79,"date":"2017-04-15T12:34:18","date_gmt":"2017-04-15T12:34:18","guid":{"rendered":"http:\/\/ostseesonne.net\/?page_id=79"},"modified":"2018-04-16T20:47:59","modified_gmt":"2018-04-16T20:47:59","slug":"ausstattung","status":"publish","type":"page","link":"http:\/\/ostseesonne.net\/?page_id=79","title":{"rendered":"Ausstattung"},"content":{"rendered":"<div id='gallery-1' class='gallery galleryid-79 gallery-columns-9 gallery-size-thumbnail'><figure class='gallery-item'>\n\t\t\t<div class='gallery-icon landscape'>\n\t\t\t\t<a href='http:\/\/ostseesonne.net\/wp-content\/uploads\/2018\/03\/ostsee_urlaub_boergerende_appartement_ostseesonne_k\u00fcche-4.jpg'><img loading=\"lazy\" decoding=\"async\" width=\"150\" height=\"150\" src=\"http:\/\/ostseesonne.net\/wp-content\/uploads\/2018\/03\/ostsee_urlaub_boergerende_appartement_ostseesonne_k\u00fcche-4-150x150.jpg\" class=\"attachment-thumbnail size-thumbnail\" alt=\"Ferienwohnung_OstseeSonne_B\u00f6rgerende_Seestra\u00dfe 26d\" aria-describedby=\"gallery-1-214\" srcset=\"http:\/\/ostseesonne.net\/wp-content\/uploads\/2018\/03\/ostsee_urlaub_boergerende_appartement_ostseesonne_k\u00fcche-4-150x150.jpg 150w, http:\/\/ostseesonne.net\/wp-content\/uploads\/2018\/03\/ostsee_urlaub_boergerende_appartement_ostseesonne_k\u00fcche-4-100x100.jpg 100w\" sizes=\"auto, 100vw\" \/><\/a>\n\t\t\t<\/div>\n\t\t\t\t<figcaption class='wp-caption-text gallery-caption' id='gallery-1-214'>\n\t\t\t\tUrlaub in der Ferienwohnung OstseeSonne\n\t\t\t\t<\/figcaption><\/figure><figure class='gallery-item'>\n\t\t\t<div class='gallery-icon landscape'>\n\t\t\t\t<a href='http:\/\/ostseesonne.net\/wp-content\/uploads\/2018\/03\/ostsee_urlaub_boergerende_appartement_ostseesonne_k\u00fcche.jpg'><img loading=\"lazy\" decoding=\"async\" width=\"150\" height=\"150\" src=\"http:\/\/ostseesonne.net\/wp-content\/uploads\/2018\/03\/ostsee_urlaub_boergerende_appartement_ostseesonne_k\u00fcche-150x150.jpg\" class=\"attachment-thumbnail size-thumbnail\" alt=\"Ferienwohnung_OstseeSonne_B\u00f6rgerende_Seestra\u00dfe 26d\" aria-describedby=\"gallery-1-200\" srcset=\"http:\/\/ostseesonne.net\/wp-content\/uploads\/2018\/03\/ostsee_urlaub_boergerende_appartement_ostseesonne_k\u00fcche-150x150.jpg 150w, http:\/\/ostseesonne.net\/wp-content\/uploads\/2018\/03\/ostsee_urlaub_boergerende_appartement_ostseesonne_k\u00fcche-100x100.jpg 100w\" sizes=\"auto, 100vw\" \/><\/a>\n\t\t\t<\/div>\n\t\t\t\t<figcaption class='wp-caption-text gallery-caption' id='gallery-1-200'>\n\t\t\t\tUrlaub in der Ferienwohnung OstseeSonne\nG\u00f6nn dir eine Auszeit!\n\t\t\t\t<\/figcaption><\/figure><figure class='gallery-item'>\n\t\t\t<div class='gallery-icon portrait'>\n\t\t\t\t<a href='http:\/\/ostseesonne.net\/wp-content\/uploads\/2018\/03\/ostsee_urlaub_boergerende_appartement_ostseesonne_Wohnbereich-e1522745626642.jpg'><img loading=\"lazy\" decoding=\"async\" width=\"150\" height=\"150\" src=\"http:\/\/ostseesonne.net\/wp-content\/uploads\/2018\/03\/ostsee_urlaub_boergerende_appartement_ostseesonne_Wohnbereich-150x150.jpg\" class=\"attachment-thumbnail size-thumbnail\" alt=\"Ferienwohnung_OstseeSonne_B\u00f6rgerende_Seestra\u00dfe 26d\" aria-describedby=\"gallery-1-205\" srcset=\"http:\/\/ostseesonne.net\/wp-content\/uploads\/2018\/03\/ostsee_urlaub_boergerende_appartement_ostseesonne_Wohnbereich-150x150.jpg 150w, http:\/\/ostseesonne.net\/wp-content\/uploads\/2018\/03\/ostsee_urlaub_boergerende_appartement_ostseesonne_Wohnbereich-100x100.jpg 100w\" sizes=\"auto, 100vw\" \/><\/a>\n\t\t\t<\/div>\n\t\t\t\t<figcaption class='wp-caption-text gallery-caption' id='gallery-1-205'>\n\t\t\t\tUrlaub in der Ferienwohnung OstseeSonne\nG\u00f6nn dir eine Auszeit!\n\t\t\t\t<\/figcaption><\/figure><figure class='gallery-item'>\n\t\t\t<div class='gallery-icon landscape'>\n\t\t\t\t<a href='http:\/\/ostseesonne.net\/wp-content\/uploads\/2018\/03\/ostsee_urlaub_boergerende_fewo_ostseesonne_Wohnbereich.jpg'><img loading=\"lazy\" decoding=\"async\" width=\"150\" height=\"150\" src=\"http:\/\/ostseesonne.net\/wp-content\/uploads\/2018\/03\/ostsee_urlaub_boergerende_fewo_ostseesonne_Wohnbereich-150x150.jpg\" class=\"attachment-thumbnail size-thumbnail\" alt=\"Ferienwohnung_OstseeSonne_B\u00f6rgerende_Seestra\u00dfe 26d\" aria-describedby=\"gallery-1-211\" srcset=\"http:\/\/ostseesonne.net\/wp-content\/uploads\/2018\/03\/ostsee_urlaub_boergerende_fewo_ostseesonne_Wohnbereich-150x150.jpg 150w, http:\/\/ostseesonne.net\/wp-content\/uploads\/2018\/03\/ostsee_urlaub_boergerende_fewo_ostseesonne_Wohnbereich-100x100.jpg 100w\" sizes=\"auto, 100vw\" \/><\/a>\n\t\t\t<\/div>\n\t\t\t\t<figcaption class='wp-caption-text gallery-caption' id='gallery-1-211'>\n\t\t\t\tUrlaub in der Ferienwohnung OstseeSonne\nG\u00f6nn dir eine Auszeit!\n\t\t\t\t<\/figcaption><\/figure><figure class='gallery-item'>\n\t\t\t<div class='gallery-icon landscape'>\n\t\t\t\t<a href='http:\/\/ostseesonne.net\/wp-content\/uploads\/2018\/03\/ostsee_urlaub_boergerende_appartement_ostseesonne_Wohnen-2-1.jpg'><img loading=\"lazy\" decoding=\"async\" width=\"150\" height=\"150\" src=\"http:\/\/ostseesonne.net\/wp-content\/uploads\/2018\/03\/ostsee_urlaub_boergerende_appartement_ostseesonne_Wohnen-2-1-150x150.jpg\" class=\"attachment-thumbnail size-thumbnail\" alt=\"Ferienwohnung_OstseeSonne_B\u00f6rgerende_Seestra\u00dfe 26d\" srcset=\"http:\/\/ostseesonne.net\/wp-content\/uploads\/2018\/03\/ostsee_urlaub_boergerende_appartement_ostseesonne_Wohnen-2-1-150x150.jpg 150w, http:\/\/ostseesonne.net\/wp-content\/uploads\/2018\/03\/ostsee_urlaub_boergerende_appartement_ostseesonne_Wohnen-2-1-100x100.jpg 100w\" sizes=\"auto, 100vw\" \/><\/a>\n\t\t\t<\/div><\/figure><figure class='gallery-item'>\n\t\t\t<div class='gallery-icon landscape'>\n\t\t\t\t<a href='http:\/\/ostseesonne.net\/wp-content\/uploads\/2018\/03\/ostsee_urlaub_boergerende_fewo_ostseesonne_WohnZimmer-SchlafCouch.jpg'><img loading=\"lazy\" decoding=\"async\" width=\"150\" height=\"150\" src=\"http:\/\/ostseesonne.net\/wp-content\/uploads\/2018\/03\/ostsee_urlaub_boergerende_fewo_ostseesonne_WohnZimmer-SchlafCouch-150x150.jpg\" class=\"attachment-thumbnail size-thumbnail\" alt=\"Ferienwohnung_OstseeSonne_B\u00f6rgerende_Seestra\u00dfe 26d\" aria-describedby=\"gallery-1-216\" srcset=\"http:\/\/ostseesonne.net\/wp-content\/uploads\/2018\/03\/ostsee_urlaub_boergerende_fewo_ostseesonne_WohnZimmer-SchlafCouch-150x150.jpg 150w, http:\/\/ostseesonne.net\/wp-content\/uploads\/2018\/03\/ostsee_urlaub_boergerende_fewo_ostseesonne_WohnZimmer-SchlafCouch-100x100.jpg 100w\" sizes=\"auto, 100vw\" \/><\/a>\n\t\t\t<\/div>\n\t\t\t\t<figcaption class='wp-caption-text gallery-caption' id='gallery-1-216'>\n\t\t\t\tUrlaub in der Ferienwohnung OstseeSonne\nG\u00f6nn dir eine Auszeit!\n\t\t\t\t<\/figcaption><\/figure><figure class='gallery-item'>\n\t\t\t<div class='gallery-icon landscape'>\n\t\t\t\t<a href='http:\/\/ostseesonne.net\/wp-content\/uploads\/2018\/03\/ostsee_urlaub_boergerende_fewo_ostseesonne_schlafzimmer-3.jpg'><img loading=\"lazy\" decoding=\"async\" width=\"150\" height=\"150\" src=\"http:\/\/ostseesonne.net\/wp-content\/uploads\/2018\/03\/ostsee_urlaub_boergerende_fewo_ostseesonne_schlafzimmer-3-150x150.jpg\" class=\"attachment-thumbnail size-thumbnail\" alt=\"Ferienwohnung_OstseeSonne_B\u00f6rgerende_Seestra\u00dfe 26d\" aria-describedby=\"gallery-1-210\" srcset=\"http:\/\/ostseesonne.net\/wp-content\/uploads\/2018\/03\/ostsee_urlaub_boergerende_fewo_ostseesonne_schlafzimmer-3-150x150.jpg 150w, http:\/\/ostseesonne.net\/wp-content\/uploads\/2018\/03\/ostsee_urlaub_boergerende_fewo_ostseesonne_schlafzimmer-3-100x100.jpg 100w\" sizes=\"auto, 100vw\" \/><\/a>\n\t\t\t<\/div>\n\t\t\t\t<figcaption class='wp-caption-text gallery-caption' id='gallery-1-210'>\n\t\t\t\tUrlaub in der Ferienwohnung OstseeSonne:\nG\u00f6nn dir eine Auszeit!\n\t\t\t\t<\/figcaption><\/figure><figure class='gallery-item'>\n\t\t\t<div class='gallery-icon landscape'>\n\t\t\t\t<a href='http:\/\/ostseesonne.net\/wp-content\/uploads\/2018\/03\/ostsee_urlaub_boergerende_appartement_ostseesonne_badezimmer.jpg'><img loading=\"lazy\" decoding=\"async\" width=\"150\" height=\"150\" src=\"http:\/\/ostseesonne.net\/wp-content\/uploads\/2018\/03\/ostsee_urlaub_boergerende_appartement_ostseesonne_badezimmer-150x150.jpg\" class=\"attachment-thumbnail size-thumbnail\" alt=\"Ferienwohnung_OstseeSonne_B\u00f6rgerende_Seestra\u00dfe 26d\" aria-describedby=\"gallery-1-213\" srcset=\"http:\/\/ostseesonne.net\/wp-content\/uploads\/2018\/03\/ostsee_urlaub_boergerende_appartement_ostseesonne_badezimmer-150x150.jpg 150w, http:\/\/ostseesonne.net\/wp-content\/uploads\/2018\/03\/ostsee_urlaub_boergerende_appartement_ostseesonne_badezimmer-100x100.jpg 100w\" sizes=\"auto, 100vw\" \/><\/a>\n\t\t\t<\/div>\n\t\t\t\t<figcaption class='wp-caption-text gallery-caption' id='gallery-1-213'>\n\t\t\t\tUrlaub in der Ferienwohnung OstseeSonne\n\n\t\t\t\t<\/figcaption><\/figure><figure class='gallery-item'>\n\t\t\t<div class='gallery-icon portrait'>\n\t\t\t\t<a href='http:\/\/ostseesonne.net\/wp-content\/uploads\/2018\/03\/Grundriss-FW02_EG_Seestra\u00dfe-26d.jpg'><img loading=\"lazy\" decoding=\"async\" width=\"150\" height=\"150\" src=\"http:\/\/ostseesonne.net\/wp-content\/uploads\/2018\/03\/Grundriss-FW02_EG_Seestra\u00dfe-26d-150x150.jpg\" class=\"attachment-thumbnail size-thumbnail\" alt=\"Grundriss Ferienwohnung OstseeSonne, Seestra\u00dfe d, 18211 B\u00f6rgerende-Rethwisch\" aria-describedby=\"gallery-1-223\" srcset=\"http:\/\/ostseesonne.net\/wp-content\/uploads\/2018\/03\/Grundriss-FW02_EG_Seestra\u00dfe-26d-150x150.jpg 150w, http:\/\/ostseesonne.net\/wp-content\/uploads\/2018\/03\/Grundriss-FW02_EG_Seestra\u00dfe-26d-100x100.jpg 100w\" sizes=\"auto, 100vw\" \/><\/a>\n\t\t\t<\/div>\n\t\t\t\t<figcaption class='wp-caption-text gallery-caption' id='gallery-1-223'>\n\t\t\t\tGrundriss Ferienwohnung OstseeSonne: Erdgeschoss\n\n\t\t\t\t<\/figcaption><\/figure>\n\t\t<\/div>\n\n<p><strong>Das Ferien-Appartement OstseeSonne <\/strong><\/p>\n<p>hat insgesamt 65 m\u00b2 und bietet Platz f\u00fcr maximal 4 Personen. <strong>Im Wohnzimmer<\/strong> steht ein Faltsofa, das sich schnell und unkompliziert in ein 150cm breites Bett f\u00fcr die Kinder verwandeln l\u00e4sst. <strong>Im Schlafzimmer <\/strong>finden Sie ein 180 cm Doppelbett, einen Kleiderschrank\u00a0 sowie Platz f\u00fcr ein Reise-Kinderbett. <strong>Das moderne Bad <\/strong>mit Walk-In-Dusche, Handtuchhalter, Waschbecken und WC hat viele praktische Ablagen.<strong> Ein F\u00f6n ist vorhanden! <\/strong><strong>Die K\u00fcche<\/strong> ist ausgestattet mit Cerankochfeld und Backofen, K\u00fchlschrank mit Gefrierfach und einem Geschirrsp\u00fcler. Kaffeemaschine, Wasserkocher sind vorhanden. Im Au\u00dfenbereich stehen eine <strong>Ost-Terrasse und West-Terrasse <\/strong>zur Verf\u00fcgung, die mit Gartenm\u00f6beln ausgestattet sind.<\/p>\n<ul>\n<li style=\"padding-left: 30px;\">Bettw\u00e4sche und Handt\u00fccher finden Sie bei Anreise vor.<\/li>\n<li style=\"padding-left: 30px;\">W-LAN kostenlos und\u00a0 SAT-TV inklusive.<\/li>\n<li style=\"padding-left: 30px;\">Die Wohnung verf\u00fcgt \u00fcber zwei PKW-Stellpl\u00e4tze.<\/li>\n<li style=\"padding-left: 30px;\">Ein Kinder-Reisebett und einen Kinder-Hochstuhl bitte beim Buchen bei David Touristik anfordern.<\/li>\n<\/ul>\n<p><a href=\"https:\/\/www.david-touristik.de\/ferienwohnung\/fewo-ostseesonne-seestr-26-d.html\">Anfragen und Buchungen dieser Ferienwohnung bei David Touristik<\/a><\/p>\n<p>&nbsp;<\/p>\n<p>&nbsp;<\/p>\n","protected":false},"excerpt":{"rendered":"<p>Das Ferien-Appartement OstseeSonne hat insgesamt 65 m\u00b2 und bietet Platz f\u00fcr maximal 4 Personen. Im Wohnzimmer steht ein Faltsofa, das sich schnell und unkompliziert in ein 150cm breites Bett f\u00fcr die Kinder verwandeln l\u00e4sst. Im Schlafzimmer finden Sie ein 180 cm Doppelbett, einen Kleiderschrank\u00a0 sowie Platz f\u00fcr ein Reise-Kinderbett. Das moderne Bad mit Walk-In-Dusche, Handtuchhalter, &hellip; <\/p>\n<p class=\"link-more\"><a href=\"http:\/\/ostseesonne.net\/?page_id=79\" class=\"more-link\"><span class=\"screen-reader-text\">\u201eAusstattung\u201c <\/span>weiterlesen<\/a><\/p>\n","protected":false},"author":1,"featured_media":0,"parent":0,"menu_order":0,"comment_status":"closed","ping_status":"closed","template":"","meta":{"footnotes":""},"class_list":["post-79","page","type-page","status-publish","hentry"],"_links":{"self":[{"href":"http:\/\/ostseesonne.net\/index.php?rest_route=\/wp\/v2\/pages\/79","targetHints":{"allow":["GET"]}}],"collection":[{"href":"http:\/\/ostseesonne.net\/index.php?rest_route=\/wp\/v2\/pages"}],"about":[{"href":"http:\/\/ostseesonne.net\/index.php?rest_route=\/wp\/v2\/types\/page"}],"author":[{"embeddable":true,"href":"http:\/\/ostseesonne.net\/index.php?rest_route=\/wp\/v2\/users\/1"}],"replies":[{"embeddable":true,"href":"http:\/\/ostseesonne.net\/index.php?rest_route=%2Fwp%2Fv2%2Fcomments&post=79"}],"version-history":[{"count":13,"href":"http:\/\/ostseesonne.net\/index.php?rest_route=\/wp\/v2\/pages\/79\/revisions"}],"predecessor-version":[{"id":283,"href":"http:\/\/ostseesonne.net\/index.php?rest_route=\/wp\/v2\/pages\/79\/revisions\/283"}],"wp:attachment":[{"href":"http:\/\/ostseesonne.net\/index.php?rest_route=%2Fwp%2Fv2%2Fmedia&parent=79"}],"curies":[{"name":"wp","href":"https:\/\/api.w.org\/{rel}","templated":true}]}}